 -59 + 28 + -13 - -84?
40
What is (-101 - -220) + (-27 - 56)?
36
Evaluate 3 + -3 - -33 - (-7 - 12 - -6 - -5).
41
Calculate -13 - (-4 + -4 + 7 - -13 - (18 - 9)).
-16
Evaluate -55 + (3 - (0 - (7 + -4))) - (42 + -40).
-51
Calculate (-9 + -16 + -38 - (5 - -2)) + 8 + -1.
-63
What is -27 - (31 - (76 + -129))?
-111
Calculate -7 + (-24 - -27) - (2 + -5 + -4).
3
What is -36 + 5 + -8 + (-1 - (13 + -6))?
-47
-50 + (-26 - (-4 + -34 + 15))
-53
What is (14 - 7) + (-4 - -14) + -1 + 65 + -7?
74
What is -105 + (192 - 12) - 94?
-19
Evaluate 3 + 30 + -1 + 6 + 3 + -2.
39
Evaluate (6 - 10) + 22 + -8 - ((12 - -2) + 13).
-17
What is (-49 - -59) + -28 - -39?
21
What is the value of 35 + (-6 - 1) + -4?
24
What is 50 + 0 + (24 - (4 - (16 - 38))) - -5?
53
-6 + 26 + -3 - 9 - (45 - 8 - -15)
-44
What is the value of 47 - (48 + -28 + 46)?
-19
What is the value of -1 + (9 - 17 - -24) + -25 - 8?
-18
What is the value of 1654 + -1693 - (0 + 1 + 72)?
-112
What is -6 - (16 + -11 + 3 + 19)?
-33
What is 880 - 897 - (-1 + 51)?
-67
Calculate 10 - (59 + (-1 + 17 - (0 + -1 + 9))).
-57
What is the value of (36 - 52 - (3 - 3)) + 168?
152
-39 + 0 + (-46 - -55)
-30
What is the value of (47 - 0) + (0 - 5) + (8 - (-23 + 32))?
41
Calculate -3 - (-7 - -3) - (1 - (-4 - (37 - 27))).
-14
Evaluate -35 - (15 + -2 + -9) - (7 - 13).
-33
Calculate -2 + 6 - (-28 + (-6 - -45) - -13).
-20
What is the value of -5 + -68 - (-27 - (-1 + -2))?
-49
What is (-19 - (-40 + (-7 - -20) + 16)) + 16?
8
What is the value of -3594 + 3635 + (-3 + 2 - -16)?
56
-86 + (-111 - (-195 - -89) - (5 - (0 + 0)))
-96
Calculate -92 - ((-21 + 33 - 32 - 0) + 34).
-106
Calculate -42 + -7 - (-121 + 81).
-9
What is the value of -7 + 1 + (185 - 95 - 61)?
23
(0 - -21) + (61 - (137 - -13))
-68
-8 + (-2 + 10 - 15) + (27 - -9)
21
What is the value of -492 + 579 + (-55 - 4)?
28
What is the value of -92 + 254 - (-1 - -102)?
61
What is 24 + -2 + -2897 + 2921?
46
What is the value of -32 - ((-60 - -23) + -32)?
37
What is the value of 3014 + -2995 - (3 - (6 - 4))?
18
What is the value of -6 + 177 + (-691 - -613)?
93
What is 23 + -49 + 23 - -22 - -12?
31
Calculate (-56 + -27 - -74) + 3 + (-19 - 4).
-29
Evaluate 40 - (96 + -73 + (-7 - 3)).
27
Calculate -1 - -1 - (257 - 149 - 65).
-43
What is the value of 53 - ((-11 - -32) + -7)?
39
What is the value of 654 + -572 - (181 - 5)?
-94
Calculate 41 + (-88 - -42) + 0 + 1 + -21.
-25
What is (7445 - 7434) + -3 + (0 - -36)?
44
Evaluate (12 + -81 - -139) + -63.
7
What is -232 - -253 - (-54 + 9)?
66
Calculate (6 + -6 - 17) + 26 + -24 + 7.
-8
What is the value of (-7 - 1) + -244 + 240 - (-5 + -5 - -4)?
-6
What is 20 + 47 + -36 + -46?
-15
Calculate 5 - -15 - -22 - 4 - -45.
83
Calculate (-1 + 1 + 0 - (38 - (36 + 5))) + 58.
61
What is 23 - 137 - -125 - (1 + 27 + -1)?
-16
Calculate -3 - (5 + 0) - (160 + -227).
59
Evaluate 5 - (4 + -24 - 112) - (2 - -13 - 8).
130
29 - (10 - (-15 + 30 - -9 - -3))
46
Calculate 3 + (-31 + -4 + 4 - 2) - (-544 + 547).
-33
Calculate 30 - (6 + 4) - (-89 + 110).
-1
Calculate ((50 - 87) + 79 - 33) + (37 - -1).
47
16 - (104 + -38) - -7
-43
Evaluate (0 - 47) + -1 + -2 - ((77 - -17) + -83).
-61
Calculate 68 + (18 - 10) - (-8 - 17 - -44).
57
Calculate (-358 - 1) + 121 - -139.
-99
Calculate (23 - 18) + -4 + 2 + 17.
20
Calculate 39 + -51 + 35 + -28.
-5
What is 41 + 4 + -74 + 17?
-12
Evaluate -14 + 4 + (-65 - -14 - -2) + 11.
-48
Evaluate (-94 + 1 - (3388 - 3389)) + 39.
-53
What is the value of (-30 - (28 + -16) - -19) + -1 + (0 - -4)?
-20
(-15 - -2) + 0 + (-17 - -27) - -3
0
What is (6 - 11 - (214 - 220)) + (3 - 1) + 112?
115
Evaluate -130 + -4 + (-316 - -338) + -20.
-132
Evaluate (-11 - (22 + 2 + -30 + -20)) + 3.
18
((25 - 50) + 24 - -5) + -8
-4
Evaluate -119 - (17 + (-5 - -6) - (-54 + 47)).
-144
What is the value of (3 - -4 - 15) + -1 + 18 + 7 + 37?
53
What is -347 + 357 - (2 + 128) - -4?
-116
What is (-11 - 3) + 13 + 34 + -18 - 61?
-46
Calculate (88 - (17 + 87)) + (1 - 34).
-49
Calculate 77 + (19 - 26 - 12) - -3.
61
Evaluate (1862 - 1877) + 100 + 4 - (0 + 5 + 0).
84
Evaluate 130 + (-76 - -129 - 135).
48
What is the value of 19 + (-24 + 4 - 10) - -28?
17
Evaluate 50 - (1 - 1) - (-2649 - -2638).
61
Calculate -117 + (137 - 93 - -14).
-59
-2 + (-6 + -2 - (41 - 0)) + -3 - -9
-45
Calculate -69 - (-2 + 7) - (-658 - -637).
-53
What is 1 + -60 + (494 - 429)?
6
What is -13 - 12 - (31 + -3 + -24)?
-29
Evaluate -38 - (23 + -72) - 32.
-21
Calculate -10 + 1 - ((-4 - 28) + (2 - 8 - 2)).
31
Calculate (0 + -4 - 8) + (-2 - 104 - -45).
-73
What is the value of (-2 - -8) + 0 + -2 + (1042 - 1029)?
17
Evaluate 3 - (-19 + 10 + -26).
38
What is -12 - (-41 - ((-2 - 9) + -80 + 84))?
22
Evaluate 9 + (31 - 30) + (-8 - -7) + -73 + 2.
-62
Evaluate -14 + -1 + (-110 - (-9 + -82)).
-34
What is the value of 18 + 31 + -27 - 46?
-24
(-1 - 27) + (68 - (-40 + 123))
-43
What is the value of 40 + -9 - ((-5 - -8 - -7) + 2)?
19
Calculate -1 - (12 - (-20 + 3)) - 28.
-58
What is -111 + (-91 - (-100 - 126))?
24
Evaluate -29 + -1 + 3 + -1 + (80 - (82 - -7)).
-37
Evaluate (-7 + 11 - -3) + 69 - (218 + -222).
80
-20 - (132 - 119 - (5 - 2))
-30
Evaluate 22 + (5 - -4) - -5 - (3 - -3).
30
36 - (-242 + 249 + 1 + -19)
47
What is -15 + (26 - (32 + -18 - -3))?
-6
What is the value of -91 + 41 + -3 + 6?
-47
What is (-114 - -1) + -20 + (6 - (4 + -29)) + -12?
-114
-62 + 75 + (68 - 39)
42
Evaluate (-4 - (51 - (0 - 8))) + (-6 + 8 - -3).
-58
4 + (-4 - -23) + 529 + -558
-6
Calculate (10 - -5 - (2 + -4)) + -13 - (57 - -1).
-54
What is the value of 7 - (-41 + 2) - (7 - 8 - -13)?
34
What is the value of -224 + 392 + -163 + (-127 - -1)?
-121
What is (-5 + (20 - 9) + -6 - 1 - 1) + -10?
-12
Calculate -3 - 55 - (-14 + -28).
-16
Calculate (0 - -36) + -37 - 9.
-10
Calculate 44 - -21 - (8 - 9 - (3 - -7) - -14).
62
What is the value of 7948 + -8039 - (-3 + (-3 + 3 - -7))?
-95
Calculate 2 + 18 - -59 - ((-26 - -20) + 25).
60
Calculate 110 + -5 + -110 - (-2 - (-3 - 88) - 1).
-93
What is 32 + -20 + -5 - 14 - 62?
-69
Calculate (171 - 114) + (-9 - (-13 - 4)).
65
Calculate 4 - 14 - (-2 - (1 - 2)) - (-984 - -976).
-1
Evaluate 122 + (-182 + 17 - -106).
63
What is the value of -29 + (-85 - -85) - 30?
-59
Calculate 352 + -497 + 157 + -1 + 0 + -19.
-8
-52 + (-25 - (-60 - -40))
-57
What is (-4 - -6) + 5 - (93 - (1 - -6))?
-79
What is the value of -6 - -59 - (-35 + 93 + -17)?
12
Calculate -9 + 0 + 86 + (-10 - 14).
53
25 - (24 + -23 + -88)
112
Calculate -16 + 512 + -411 + (2 - 0 - 9).
78
Calculate (-16 - (-6 + -7)) + -5 + -1 - (-686 - -830).
-153
What is -45 + 2 + 131 + (44 - 19)?
113
0 + (-33 - -41) - ((3 - 1) + -37) - 2
41
What is -44 + 170 + -61 + (-1 - -25)?
89
Calculate -49 + (-12 + 42 - (-4 + 2) - 15).
-32
13 - (-92 - (1 + (-4 - (12 + (-26 - -12)))))
104
Calculate -8 + 0 - -4 - 30 - (-2 + 1 - 3).
-30
What is -6 + 48 - (148 + -113) - (-1 + -17)?
25
What is -39 + -2 + (44 - 23) - -23?
3
Evaluate -11 + 1 + 3 + 60 + 10 + 1 + -11.
53
(-398 - -382 - (2 + -29 + -2)) + -111 + -7
-105
What is -28 + (110 - 69) + 59?
72
What is -20 - ((0 - 19) + 14) - -4?
-11
Evaluate 19198 + -19179 + 3 + -6 + -71.
-55
Calculate -37 - -58 - 20 - ((4 - 2) + -31 + -5).
35
What is -3 + (-16 - -2) + (13 - (17 + 15))?
-36
Evaluate (9 - (68 - 134)) + 1.
76
Evaluate -286 + 67 + 77 + 104.
-38
Evaluate 2 + 100 - (-1138 + 1170).
70
What is the value of (85 - 68) + (-59 - 2 - -5)?
-39
What is 29 + (11 - 25 - 12) + -11 + 11 + 1?
4
What is -28 - 0 - (-3030 - -2907)?
95
What is -35 - (45 + -29 - 32)?
-19
Calculate (12 - (25 - -44)) + -9 + -9 + 6.
-69
53 - ((61 - -9) + -60)
43
What is 23 + (-1 - -12 - 19) + (88 - 19)?
84
What is -1 - (-6 + -19) - (-30 - 2)?
56
What is (0 - 12) + (-16 - (-53 - -28)) + 0?
-3
What is 126 + -96 + (-59 - -6) - -41?
18
(-28 - 0 - (-20 + 5)) + 26
13
(-7 - -19) + (8 - 16 - 12)
-8
What is the value of (5 + -32 - -57) + -25 - (1 + 0 + -16)?
20
What is the value of 81 + -8 + (25 - (-22 + 30 - -3))?
87
Calculate -21 - ((20 - 25) + -74 + 6).
52
Calculate 84 + (10 - 78) - -57.
73
Calculate (-54 - 0) + -7841 + 7810.
-85
What is 7 + -49 - (279 + -312)?
-9
What is -25 - (24 - -5) - -18 - 52?
-88
Calculate -50 + 60 + -8 - (-2 - (-108 - (6 + -3))).
-107
What is 117 + -5 - (152 + -48)?
8
Calculate (-3 - -7) + 10 + (-35 - -13) - 65.
-73
Calculate -10 + (-4 - 5) - (-23 + 21 - -1).
-18
Calculate (1 - (4